{"id":81,"date":"2025-06-15T15:05:24","date_gmt":"2025-06-15T15:05:24","guid":{"rendered":"https:\/\/rosapetalis.hr\/?page_id=81"},"modified":"2025-08-06T15:35:01","modified_gmt":"2025-08-06T15:35:01","slug":"naslovna","status":"publish","type":"page","link":"https:\/\/rosapetalis.hr\/","title":{"rendered":"Ru\u017ee &#8211; miri\u0161u, hrane i pri\u010daju pri\u010du"},"content":{"rendered":"\n<h2 class=\"wp-block-heading has-small-font-size\">June 12, 2025<\/h2>\n\n\n\n<p class=\"has-small-font-size\"><a href=\"https:\/\/rosapetalis.hr\/index.php\/category\/ruze\/\">Ru\u017ee<\/a><\/p>\n\n\n\n<figure class=\"wp-block-image size-full is-resized\"><img loading=\"lazy\" decoding=\"async\" width=\"866\" height=\"180\" src=\"https:\/\/rosapetalis.hr\/wp-content\/uploads\/2025\/06\/Mome_post-2.jpg\" alt=\"\" class=\"wp-image-84\" style=\"width:669px;height:auto\" srcset=\"https:\/\/rosapetalis.hr\/wp-content\/uploads\/2025\/06\/Mome_post-2.jpg 866w, https:\/\/rosapetalis.hr\/wp-content\/uploads\/2025\/06\/Mome_post-2-300x62.jpg 300w, https:\/\/rosapetalis.hr\/wp-content\/uploads\/2025\/06\/Mome_post-2-768x160.jpg 768w, https:\/\/rosapetalis.hr\/wp-content\/uploads\/2025\/06\/Mome_post-2-780x162.jpg 780w, https:\/\/rosapetalis.hr\/wp-content\/uploads\/2025\/06\/Mome_post-2-600x125.jpg 600w, https:\/\/rosapetalis.hr\/wp-content\/uploads\/2025\/06\/Mome_post-2-550x114.jpg 550w, https:\/\/rosapetalis.hr\/wp-content\/uploads\/2025\/06\/Mome_post-2-370x77.jpg 370w, https:\/\/rosapetalis.hr\/wp-content\/uploads\/2025\/06\/Mome_post-2-255x53.jpg 255w\" sizes=\"auto, (max-width: 866px) 100vw, 866px\" \/><\/figure>\n\n\n\n<p class=\"has-small-font-size\">Dobrodo\u0161li na stranicu obiteljskog poljoprivrednog gospodarstva\u00a0<strong>Rosa Petalis<\/strong>, mjesto gdje se strast prema ru\u017eama pretvara u jedinstvene, mirisne delicije.<br><br>Smje\u0161teni u slikovitoj Klisi pokraj Lipika, njegujemo vi\u0161e od 300 mirisnih ru\u017ea vrsta\u00a0<strong>dama\u0161\u0107anska<\/strong>\u00a0i\u00a0<strong>centifolia<\/strong>, poznatih po bogatstvu eteri\u010dnih ulja i rasko\u0161noj aromi.<br><br>Na\u0161 najnagra\u0111ivaniji proizvod,\u00a0<strong>Rosa Spread<\/strong>\u00a0\u2013 namaz od ru\u017ea, dobitnik je presti\u017ene zvjezdice na natjecanju\u00a0<strong>Great Taste Award 2024<\/strong>\u00a0u Londonu, me\u0111u 5584 prijavljena proizvoda. Ovaj jedinstveni namaz proizveden je ru\u010dno, u malim serijama, po uzoru na francuske tehnike i s pomo\u0107u recepata slavne Christine Ferber.<br><br>Osim namaza, nudimo i\u00a0<strong>u\u0161e\u0107erene latice ru\u017ea i drugog jestivog cvije\u0107a<\/strong>\u00a0za dekoraciju kola\u010da i torti,\u00a0<strong>chutney<\/strong>\u00a0od ru\u017einih latica,\u00a0<strong>sirup<\/strong>\u00a0te\u00a0<strong>prah od ru\u017ea<\/strong>\u00a0za prirodno bojanje i aromatiziranje krema, smoothieja ili jogurta. <br><br>Iza svakog proizvoda stoji trud i ljubav na\u0161e male, ali predane obitelji \u2013\u00a0<strong>Sanja, Ana i Miro<\/strong>\u00a0\u2013 koji zajedni\u010dki brinu o svakom koraku: od uzgoja ru\u017ea do pakiranja gotovih proizvoda.<br><br>Na\u0161 asortiman trenutno mo\u017eete prona\u0107i na\u00a0<strong>sajmovima<\/strong>, kao i putem online platforme\u00a0<strong>Plodovi.hr<\/strong>.<\/p>\n\n\n\n<p class=\"has-small-font-size\">U\u017eivajte u autenti\u010dnim proizvodima OPG-a Rosa Petalis \u2013 jer prava ljepota ru\u017ee dolazi iznutra.<\/p>\n","protected":false},"excerpt":{"rendered":"<p>June 12, 2025 Ru\u017ee Dobrodo\u0161li na stranicu obiteljskog poljoprivrednog gospodarstva\u00a0Rosa Petalis, mjesto gdje se strast prema ru\u017eama pretvara u jedinstvene, mirisne delicije. Smje\u0161teni u slikovitoj Klisi pokraj Lipika, njegujemo vi\u0161e od 300 mirisnih ru\u017ea vrsta\u00a0dama\u0161\u0107anska\u00a0i\u00a0centifolia, poznatih po bogatstvu eteri\u010dnih ulja i rasko\u0161noj aromi. Na\u0161 najnagra\u0111ivaniji proizvod,\u00a0Rosa Spread\u00a0\u2013 namaz od ru\u017ea, dobitnik je presti\u017ene zvjezdice na &#8230;<\/p>\n","protected":false},"author":1,"featured_media":0,"parent":0,"menu_order":0,"comment_status":"closed","ping_status":"closed","template":"","meta":{"_uag_custom_page_level_css":"","footnotes":""},"class_list":["post-81","page","type-page","status-publish","hentry"],"aioseo_notices":[],"uagb_featured_image_src":{"full":false,"thumbnail":false,"medium":false,"medium_large":false,"large":false,"1536x1536":false,"2048x2048":false,"post-thumbnail":false,"tinysalt_large":false,"tinysalt_medium_large":false,"tinysalt_medium":false,"tinysalt_small_medium":false,"tinysalt_small":false,"tinysalt_550":false,"tinysalt_370":false,"tinysalt_255":false,"tinysalt_large_square":false,"tinysalt_square":false},"uagb_author_info":{"display_name":"admin","author_link":"https:\/\/rosapetalis.hr\/index.php\/author\/admin_701ga5qa\/"},"uagb_comment_info":0,"uagb_excerpt":"June 12, 2025 Ru\u017ee Dobrodo\u0161li na stranicu obiteljskog poljoprivrednog gospodarstva\u00a0Rosa Petalis, mjesto gdje se strast prema ru\u017eama pretvara u jedinstvene, mirisne delicije. Smje\u0161teni u slikovitoj Klisi pokraj Lipika, njegujemo vi\u0161e od 300 mirisnih ru\u017ea vrsta\u00a0dama\u0161\u0107anska\u00a0i\u00a0centifolia, poznatih po bogatstvu eteri\u010dnih ulja i rasko\u0161noj aromi. Na\u0161 najnagra\u0111ivaniji proizvod,\u00a0Rosa Spread\u00a0\u2013 namaz od ru\u017ea, dobitnik je presti\u017ene zvjezdice na&hellip;","_links":{"self":[{"href":"https:\/\/rosapetalis.hr\/index.php\/wp-json\/wp\/v2\/pages\/81","targetHints":{"allow":["GET"]}}],"collection":[{"href":"https:\/\/rosapetalis.hr\/index.php\/wp-json\/wp\/v2\/pages"}],"about":[{"href":"https:\/\/rosapetalis.hr\/index.php\/wp-json\/wp\/v2\/types\/page"}],"author":[{"embeddable":true,"href":"https:\/\/rosapetalis.hr\/index.php\/wp-json\/wp\/v2\/users\/1"}],"replies":[{"embeddable":true,"href":"https:\/\/rosapetalis.hr\/index.php\/wp-json\/wp\/v2\/comments?post=81"}],"version-history":[{"count":6,"href":"https:\/\/rosapetalis.hr\/index.php\/wp-json\/wp\/v2\/pages\/81\/revisions"}],"predecessor-version":[{"id":155,"href":"https:\/\/rosapetalis.hr\/index.php\/wp-json\/wp\/v2\/pages\/81\/revisions\/155"}],"wp:attachment":[{"href":"https:\/\/rosapetalis.hr\/index.php\/wp-json\/wp\/v2\/media?parent=81"}],"curies":[{"name":"wp","href":"https:\/\/api.w.org\/{rel}","templated":true}]}}